{"id":175,"date":"2020-03-05T20:57:33","date_gmt":"2020-03-05T23:57:33","guid":{"rendered":"https:\/\/ssidetetives.com.br\/?page_id=175"},"modified":"2023-02-22T16:45:06","modified_gmt":"2023-02-22T19:45:06","slug":"varredura-localizacao-de-interceptacao-nao-autorizada","status":"publish","type":"page","link":"https:\/\/ssidetetives.com.br\/?page_id=175","title":{"rendered":"Varredura &#8211; Localiza\u00e7\u00e3o de Intercepta\u00e7\u00e3o n\u00e3o autorizada"},"content":{"rendered":"\r\n<p>Varredura &#8211; Localiza\u00e7\u00e3o de Intercepta\u00e7\u00e3o n\u00e3o autorizada<br><h2>Varredura &#8211; Localiza\u00e7\u00e3o de Intercepta\u00e7\u00e3o n\u00e3o autorizada\r\n<br>O que \u00e9?<\/h2>\r\n<br><hr class=\"no_line\" style=\"margin:0 auto 0px\"\/>\n\r\n<br><div class=\"image_frame image_item no_link scale-with-grid alignnone no_border\" ><div class=\"image_wrapper\"><img class=\"scale-with-grid\" src=\"\" alt=\"\" title=\"\"  \/><\/div><\/div>\n<br>no-repeat;left top;;<br>auto<br><br><h5>Para detectar poss\u00edveis viola\u00e7\u00f5es na privacidade das comunica\u00e7\u00f5es e realizada uma varredura no ambiente residencial e empresarial, em ve\u00edculos, linhas telef\u00f4nicas, computador, celular e outros aparelhos.\r\n<br>\r\n<br>Esse servi\u00e7o busca por dispositivos de espionagem e monitoramento de \u00e1udio e v\u00eddeo, escutas, c\u00e2mera escondidas e situa\u00e7\u00f5es.\r\n<br><\/h5><br>justify<br>no-repeat;left top;;<br>auto<br><br>CONTATO<br><a href=\"https:\/\/ssidetetives.com.br\/contato\/\">https:\/\/ssidetetives.com.br\/contato\/<\/a><br>right<br>icon-mail<br>right<br>2<br><br><\/p>\r\n","protected":false},"excerpt":{"rendered":"<p>Varredura &#8211; Localiza\u00e7\u00e3o de Intercepta\u00e7\u00e3o n\u00e3o autorizada Varredura &#8211; Localiza\u00e7\u00e3o de Intercepta\u00e7\u00e3o n\u00e3o autorizada O que \u00e9? no-repeat;left top;;auto Para detectar poss\u00edveis viola\u00e7\u00f5es na privacidade das<span class=\"excerpt-hellip\"> [\u2026]<\/span><\/p>\n","protected":false},"author":1,"featured_media":0,"parent":0,"menu_order":0,"comment_status":"closed","ping_status":"closed","template":"","meta":[],"_links":{"self":[{"href":"https:\/\/ssidetetives.com.br\/index.php?rest_route=\/wp\/v2\/pages\/175"}],"collection":[{"href":"https:\/\/ssidetetives.com.br\/index.php?rest_route=\/wp\/v2\/pages"}],"about":[{"href":"https:\/\/ssidetetives.com.br\/index.php?rest_route=\/wp\/v2\/types\/page"}],"author":[{"embeddable":true,"href":"https:\/\/ssidetetives.com.br\/index.php?rest_route=\/wp\/v2\/users\/1"}],"replies":[{"embeddable":true,"href":"https:\/\/ssidetetives.com.br\/index.php?rest_route=%2Fwp%2Fv2%2Fcomments&post=175"}],"version-history":[{"count":2,"href":"https:\/\/ssidetetives.com.br\/index.php?rest_route=\/wp\/v2\/pages\/175\/revisions"}],"predecessor-version":[{"id":245,"href":"https:\/\/ssidetetives.com.br\/index.php?rest_route=\/wp\/v2\/pages\/175\/revisions\/245"}],"wp:attachment":[{"href":"https:\/\/ssidetetives.com.br\/index.php?rest_route=%2Fwp%2Fv2%2Fmedia&parent=175"}],"curies":[{"name":"wp","href":"https:\/\/api.w.org\/{rel}","templated":true}]}}